 - 4*t**3 + 3*t**2 + t. Let s(x) = -5*g(x) + 6*k(x). What is s(5)?
6
Let c = 6 - 3. Let r(x) = x + c*x - x. Let d(l) = -2*l. Let i(f) = 5*d(f) + 4*r(f). Calculate i(-4).
-8
Let u(b) = -b**3 + 6*b**2 + b + 4. Let o(j) = -4*j**3 + 19*j**2 + 3*j + 12. Let w(v) = 2*o(v) - 7*u(v). Suppose 3*i + 12 = g, 7*i = g + 2*i - 22. Give w(g).
-10
Let a(k) = k**2 + 2*k + 1. Suppose -2*d + 0 - 2 = 0. Let o be a(d). Let j(u) be the third derivative of -u**5/60 - u**4/24 - 4*u**3/3 + 12*u**2. What is j(o)?
-8
Let r(h) be the second derivative of -h**5/20 + 5*h**4/12 - h**3 + 3*h**2 - 2*h. Suppose 4*s = 2*f + 10, -3*s + 3*f = 7*f - 24. What is r(s)?
-2
Let z(x) be the second derivative of -x**5/20 - x**4/12 + x**3/6 + 2*x**2 - x. Let p(m) = -m**3 + 16*m**2 - m + 16. Let a be p(16). Give z(a).
4
Let a(n) = 3*n - 5*n + n. Determine a(2).
-2
Let n(o) = -o**2 - 17*o + 16. Let a be n(-18). Let m(r) = 3*r**2 + 4*r + 2. Give m(a).
6
Suppose 3*v + 2 = -4. Let p be v*6/4 - 1. Let f(b) = 0*b**2 + 9 - 4*b - b**2 - 4. Determine f(p).
5
Let y = 34 + 23. Let w be y/18 + 1/(-6). Let z(k) = -w*k + 8*k + 5*k. Determine z(1).
10
Let i = 4 - 1. Let r(x) = 6 - 4*x**2 - 2*x + 0*x - 2*x**3 + i*x**3. Let v(k) = -k + 11. Let t be v(7). What is r(t)?
-2
Let r(y) be the first derivative of -5*y**2 - 1 + y + 4*y**2 + 0*y. Let j be (2 + -2)/3 + 4. Calculate r(j).
-7
Let f = -1 - -1. Let g(n) = -n + 7. Let t be g(4). Let x(q) = -1 - q**t + 10 + 0*q**3 - q + 0*q. What is x(f)?
9
Suppose -4*i = 4*a - 16, a - 6*a = 4*i - 19. Suppose -a = 4*g + 5. Let u(y) = -2*y**3 - 4*y**2 - 3*y. Calculate u(g).
6
Let b(s) be the third derivative of -s**7/2520 + s**6/120 - s**5/40 + s**4/12 + s**2. Let y(a) be the second derivative of b(a). Give y(5).
2
Let x(z) be the third derivative of -z**7/5040 + 13*z**6/720 - z**5/6 - 4*z**2. Let d(n) be the third derivative of x(n). Determine d(7).
6
Let u(r) = -7*r - 1. Suppose -4*v + 28 = -4*t, v + v - t - 12 = 0. Suppose 2*a + 1 = -2*i - 1, -i - 3*a - v = 0. Calculate u(i).
-8
Suppose 5*t = -5 + 15. Let l(n) = 4*n**3 + 2*n**2 - n + 4*n**3 - 6*n**3 + 0*n**t. What is l(-2)?
-6
Let k(a) = a**2 - 8*a + 7. Suppose -2*z + 5 = 2*c + c, 2*c = 3*z + 25. Calculate k(c).
-8
Let z(h) = -1 + 1 - 2*h - 2. Let m be (-56)/(-3) - 6/9. Suppose -5*w - 3*f - 1 = 0, -5*w + 3*f = m + 1. Give z(w).
2
Let q(k) be the third derivative of 0 + 0*k**3 + 0*k**4 + 0*k + 2*k**2 - 7/60*k**5. What is q(1)?
-7
Let i(s) = -s**3 - 2*s**2 + 3*s - 2. Let y = 1 + 5. Suppose y*t = 3*t + 6. Suppose 0 = 5*l - t*l - 5*v - 6, -2*l - 5*v - 21 = 0. What is i(l)?
-2
Let i = -9 + 5. Let k be 4*(2 + 13/i). Let s(n) = -3*n - 6. Give s(k).
9
Let v(m) be the second derivative of 13*m**4/12 - m**2/2 - 23*m. What is v(1)?
12
Suppose n = 2 + 2. Suppose 0 = -n*k + 4. Let s(t) = -t**2 + 7*t - 5. Let i(c) = -2*c**2 + 13*c - 9. Let x(a) = -4*i(a) + 7*s(a). Calculate x(k).
-1
Let z be (7/3)/(14/42). Let i(n) = -n**2 + 6*n + 1. Determine i(z).
-6
Let b(q) = q**3 - 3*q**2 - 4*q + 6. Let j(h) = -h**3 - 8*h**2 - 8*h - 3. Let l be j(-7). Give b(l).
6
Suppose 2*w - 7 = -g - 17, -2*g + w - 5 = 0. Let f(s) = -4*s - 2 - s**3 - 5*s**2 + 1 + s. What is f(g)?
-5
Suppose -3*j = -5*t + 1 - 2, -5*j - 5*t = -15. Let h(a) be the second derivative of 0 - 2*a - 7/2*a**j + 1/6*a**3. Give h(0).
-7
Let i(b) = b**3 + 15*b**2 + 15. Let r be i(-15). Let p = r + -20. Let w(j) = -j**3 - 5*j**2 - 2*j - 5. Give w(p).
5
Let i(q) = -q**2 + 9*q - 5. Let c(b) = 3*b**2 - 3. Let z be c(2). Calculate i(z).
-5
Suppose 0*y - u = -y, y + 9 = 4*u. Let r(v) = 3*v**2 - 5 - y*v**2 + 3*v - 2*v**2 + 4*v**2. Determine r(-4).
15
Let m(q) = 7*q + 3. Let c(h) = -36*h - 15. Let j(i) = -4*c(i) - 21*m(i). Let w(y) = -y**2 + 2*y + 1. Let l be w(3). What is j(l)?
3
Suppose 2*z - 8 = -2*z. Let k(f) = 3*f**2 + 2*f**2 + f**z + 1 + f. Suppose 1 = -4*v - 3. Give k(v).
6
Suppose 3*j + 21 = -0*j. Let n(w) = -w**3 - 6*w**2 + 7*w - 5. Calculate n(j).
-5
Let y be (-1 - 1)*(-15)/10. Let x(a) = -a. Let f(m) = m**2 - 5*m. Suppose 0 = -3*r + 4*q + 11, 4*r - 4*q - 15 = q. Let w(i) = r*x(i) - f(i). Give w(y).
-9
Let t(c) be the second derivative of 1/3*c**4 - 1/2*c**3 + c - 1/20*c**5 + 0*c**2 + 0. Give t(3).
0
Suppose 2 - 5 = -3*x. Suppose -4*l - x + 13 = 4*z, -2*l = -5*z + 1. Let g(f) = -f**2 + 0*f + 5*f + l - 1. What is g(6)?
-5
Let a(l) = -4*l + 106 - 100 + 6*l. Determine a(-6).
-6
Let q(u) = -15*u**2 + u. Suppose -2*t - 2 = -0. Give q(t).
-16
Let j(y) = -y**2 - y + 1. Let s(b) = b**2 + 4*b - 5. Let w = 2 + -3. Let i(d) = w*s(d) - 2*j(d). Let a be -2*(6/2)/(-3). Give i(a).
3
Let n = -2 - -6. Let i(l) = -l**3 + 3*l**2 + 5*l - 2. Let t be i(n). Let c(m) = 3*m - 2. Calculate c(t).
4
Let h = -16 + 24. Let j = -4 + h. Let k(x) = -x**2 - 5*x. Let u(w) = -3*w**2 - 10*w + 1. Let p(r) = 5*k(r) - 2*u(r). What is p(j)?
-6
Let r(k) be the third derivative of -k**6/120 - k**5/10 - k**4/4 + 5*k**3/6 + k**2. Suppose 31 - 46 = 3*b. What is r(b)?
10
Let i(p) be the first derivative of p**4/4 - 2*p**3/3 - 2*p**2 + p + 1. Suppose -5*m + 19 = 5*v - 6, -4*m = -3*v + 1. Suppose -2*w = -v*w + 3. Give i(w).
-2
Let h be (-6 - -5)/(1/22). Let q be (-126)/(-33) - 4/h. Let j(m) = -2*m + 6. Determine j(q).
-2
Let t(l) be the first derivative of -l**5/120 - l**4/6 - l**3/3 + 3. Let v(i) be the third derivative of t(i). Calculate v(-6).
2
Let i(u) = 16*u - 2*u**3 + 0*u**3 - 8*u**2 + 0 - 1. Let v(k) = -k**3 + 0*k**3 + 10*k - 2*k - 4*k**2. Let n(g) = -6*i(g) + 13*v(g). Give n(-5).
-9
Let z(p) = p**2 - p - 1. Let n(b) = 7*b**2 - 16*b + 1. Let c(u) = n(u) - 6*z(u). Determine c(8).
-9
Suppose 0 = 3*r - 4*r. Suppose r*q + 2*w - 50 = -2*q, 3*q - 63 = 3*w. Suppose -q = 5*h - 8. Let k(t) = 2*t**2 + 3*t - 1. Give k(h).
8
Let v = -20 + 20. Let o(h) = -h + 7. Calculate o(v).
7
Let w(m) be the second derivative of 1/2*m**2 - 4*m + 0 + 1/3*m**3. Give w(-4).
-7
Let l = -1 + 15. Let i be 2/(-7) - (-256)/l. Suppose -4*f - 2 - i = 0. Let s(g) = g**3 + 6*g**2 + 7*g + 3. Calculate s(f).
-7
Suppose -3*o - 2 = -2*o, 5*n - 5*o - 20 = 0. Let q(h) = n*h - 2 + 0 - 3*h. Let u = -80 + 85. Give q(u).
-7
Let u(i) = -2*i**2 + i + 1. Let o be (-15)/(-2)*(-12)/(-18). Suppose o*w + 5 = 25. Suppose -4 = -w*g + 2*g. Determine u(g).
-5
Suppose 5*f - 3*f - 6 = 0. Let c(q) = q**3 + q. Let p(v) = -v**2 + 3*v. Let l(w) = f*c(w) - p(w). Give l(-1).
-2
Let j(l) be the first derivative of -l**3/3 + 7*l**2/2 - 7*l - 16. Give j(5).
3
Let m(c) = -2*c**2 + 7 - 6*c + c**2 - 2 + 2*c. Let w(p) = 3*p - 1. Let u be w(5). Suppose u = -5*r - 6. What is m(r)?
5
Let i(j) be the second derivative of -3*j**5/20 - j**4/12 + j**2/2 + 3*j. Let s(f) = f**2 - 9*f + 9. Let c be s(8). Give i(c).
-3
Let q(g) = 2*g**2 - g. Let w(d) = -d**3 + 3*d**2 + 4*d. Let s be w(3). Let u be s*-3*3/(-27). Let m be -1*(-2)/u*2. Determine q(m).
1
Let l be ((-9)/4)/(-3)*4. Let u(b) be the second derivative of 1/12*b**4 + 0 - 3*b - b**2 - 1/3*b**3. Determine u(l).
1
Let q be (-4)/12 + 7/3. Suppose 0 = 5*a - 5, 3*a = 4*c - q - 11. Suppose 0 = -c*n + 4*p, 2*p = 2*n + n - 2. Let l(w) = -3*w + 2. Calculate l(n).
-4
Let y(u) = -u + 1. Let q be 1*27*(-2)/(-6). Let p be (-2)/6 - 24/q. Calculate y(p).
4
Suppose -2 = g - 1. Let m(v) be the first derivative of 3*v**5/10 + v**4/6 + v**3/3 + v**2/2 - 2*v - 1. Let f(d) be the first derivative of m(d). What is f(g)?
-5
Let c(x) = 13*x**3 + 13*x**2 - 13*x + 5. Let u(w) = -7*w**3 - 7*w**2 + 7*w - 3. Let q(k) = -6*c(k) - 11*u(k). Give q(0).
3
Let f(x) = 7*x**2 + 6*x. Let o(z) = -2*z**2 - z. Let q(c) = -f(c) - 4*o(c). What is q(1)?
-1
Suppose 4 + 16 = 5*r. Let z(t) = -4 + 6*t - 3*t**2 - t + 2*t**2. What is z(r)?
0
Let a(d) be the third derivative of -1/24*d**4 + 0 + 0*d**3 + 0*d - 3*d**2. What is a(-4)?
4
Suppose 4*i - 2*b = 18, 2*b = 5 + 5. Let l = 2 - i. Let m(w) = w - 2. Let t(o) = o. Let x(u) = -m(u) + 2*t(u). What is x(l)?
-3
Let z(h) = -h**3 - 6*h**2 + 4*h + 2. Let u(q) = 2*q**3 + 12*q**2 - 7*q - 4. Let x(y) = -3*u(y) - 5*z(y). What is x(-6)?
-4
Let k be -7 - -14 - (4 + -1). Let q(v) = -3 - 9*v - k*v + 2. What is q(1)?
-14
Let i(o) = 7*o**3 - 5*o**2 - 5*o + 8. Let c(m) = m**2 - 4*m - 3. Let l be c(3). Let s(v) = -v**3 + v - 1. Let t(w) = l*s(w) - i(w). What is t(5)?
-7
Let n(v) = v**2. Let u(t) = t**2. Let o(p) = -2*n(p) + u(p). Let g(j) = -j**3 - 7*j**2 - 5*j +